st common divisor of v and 3712?
116
Let m be (-128147)/(-11) + -39*34/(-4862). What is the highest common divisor of m and 100?
50
Let m = 6907 - 6903. What is the greatest common divisor of m and 109?
1
Let f be 29 - (-16)/((-352)/550). Let u be 1/((1/(-3))/(-1)). Suppose h = -u*h + 112. What is the highest common factor of f and h?
4
Let l(w) = 22*w**2 + 5*w + 4. Let f be l(-1). Let j(r) = -84*r + 287. Let u be j(3). What is the highest common divisor of u and f?
7
Let x = -413 + 873. What is the greatest common divisor of 140 and x?
20
Let d(w) = -w**3 + 15*w**2 - 38*w + 2. Let c be d(10). Suppose -5*r + 124 = 3*p, 2*r - c = -4*p + 4*r. What is the highest common divisor of p and 132?
33
Suppose 0 = p + 2*a - 9016, 9*p = -a + 113849 - 32671. What is the highest common divisor of 44 and p?
44
Let d(w) = -7*w + 3. Suppose -2*c + 68 = -4*s + 14, 7 = -2*s - 3*c. Let a be d(s). Suppose -10*i + 128 = -2*i. Calculate the greatest common divisor of a and i.
16
Suppose 105*b - 10 = 103*b. Let z(q) = 14*q - 37. Let u be z(b). Calculate the greatest common divisor of 11 and u.
11
Let p = -377 - -949. Suppose 67*a - 54*a = p. What is the greatest common divisor of a and 264?
44
Let l = -18 + 32. Let f be 95/2 - (-21)/l. Let j(q) = q**3 - 5*q**2 - 8*q + 19. Let s be j(6). What is the greatest common factor of s and f?
7
Let q(y) = 29*y**2 - 18*y + 49. Let m be q(-2). What is the greatest common divisor of m and 536?
67
Let g = -1649 - -919. Let a = g + 1171. What is the greatest common factor of 27 and a?
9
Suppose 0 = -5*z - 39 - 36. Let p = z + 11. Let m be ((-32)/(-5))/(57/(-15) - p). What is the greatest common factor of m and 80?
16
Suppose 19*q + 9836 = 7*b + 15*q, 2*b + 4*q = 2800. Calculate the greatest common factor of 108 and b.
108
Let q(c) = c**3 - 7*c**2 + 4. Let n be q(7). Let j(t) = 19*t**2 - t**2 - 3*t + 3 - 2*t. Let y be j(1). Calculate the greatest common factor of y and n.
4
Let y = -100913 + 101297. Suppose g - 7*v - 81 = -2*v, 0 = -g - 2*v + 102. What is the highest common divisor of y and g?
96
Let g be (-2)/(-4) + 45/6. Let o be (-2 - 1084/(-10)) + g/(-20). Let v be (-9)/15 - -1*o/10. What is the greatest common factor of 70 and v?
10
Let j be 250/((-1)/1*-1). Suppose 315*k + 58 = 5*o + 314*k, 3*o = 2*k + 46. Calculate the greatest common factor of j and o.
10
Let n be 261*4/(-2 + 14). Let w be ((-2)/16)/(-1) + (-9)/(1224/(-130135)). Calculate the greatest common factor of w and n.
87
Let p be ((-992)/12)/((-120)/45). Calculate the highest common factor of p and 8153.
31
Suppose 0 = 38*f - 23*f - 1260. What is the highest common factor of f and 448?
28
Let u(t) = 3726*t**2 + 28*t - 10. Let y be u(1). What is the highest common divisor of 117 and y?
117
Let a = -20 + 33. Suppose 2*p + p - 229 = 5*i, -5*p + i = -345. Let m = p - 29. What is the highest common factor of a and m?
13
Let l be 2/(18/423) + -7. Suppose 351*f - 352*f = -l. Let j = 49 + -29. Calculate the highest common divisor of j and f.
20
Let x be ((4 + -4)/4)/(-2). Suppose -5*g - 5*j = -g + 97, -3*g + 5*j - 64 = x. Let c = 29 + g. Calculate the greatest common factor of 54 and c.
6
Let x(f) = 22*f - 815. Let j be x(55). Let r be ((-3)/(-2))/((-1)/(-142)). Let u = j - r. What is the highest common divisor of u and 14?
14
Let i be (15642/(-15))/22*-10. Calculate the highest common divisor of i and 5530.
158
Let p(x) = 3*x**2 + 20*x + 192. Let s be p(-12). Calculate the highest common factor of 804 and s.
12
Let r = -213 + 216. Suppose -5*y + 99 = -c, -y + r*c = 8*c + 1. Let t = 43 - -166. Calculate the greatest common divisor of t and y.
19
Let f(m) = -20*m + 78. Let x(d) = -7*d + 26. Let q(v) = 4*f(v) - 11*x(v). Let j be q(6). Calculate the greatest common factor of j and 72.
8
Let z = 8448 + -8040. What is the greatest common factor of 600 and z?
24
Let w be 168/27*315/10. What is the highest common factor of w and 294?
98
Let m(y) = -y**3 - 31*y**2 + 34*y + 43. Let k be m(-32). Let a(w) = -5*w - 95. Let j be a(k). Calculate the greatest common divisor of 250 and j.
10
Let c(p) = 4 - 3*p**3 - 16 + 0 + 6. Let f be c(-2). Let u(k) = k**2 - 7*k - 5. Let q be u(8). Calculate the highest common divisor of f and q.
3
Suppose -11*y = 5 - 5. Suppose -4*w = -s - 28, 5*w - 2*s + y*s = 32. Suppose -g - w = -5*g. What is the highest common factor of 3 and g?
1
Let t(l) = 22*l - 1. Let r be t(1). Let v be r/7 + 2*-6 + 3. Let n = v - -16. Calculate the greatest common divisor of n and 4.
2
Let s be -2 + -6*(5 + -1 - 6). Suppose -s*x - 78 = -13*x - 3*p, 2*x = 2*p + 52. What is the highest common divisor of x and 65?
13
Let d(s) = 144*s**2 + 22 - s - 143*s**2 - 2. Let w be d(-10). Calculate the greatest common divisor of w and 20.
10
Let f(c) = -c. Let t(r) = 7*r - 21. Let u(l) = -6*f(l) - t(l). Let m be u(9). Let q be (12/15)/((-6)/(-60)). Calculate the greatest common divisor of q and m.
4
Let c = -33472 + 33478. What is the greatest common divisor of c and 3562?
2
Let k be (-360)/20 + -10 + 4487. Calculate the highest common factor of 364 and k.
91
Suppose 2 + 1 = -w, 4*w = 3*l - 747. Suppose 0 = 4*b - l - 215. What is the greatest common factor of 5 and b?
5
Let l be (-35)/(-42) + 61/6. Suppose 0 = l*b + 15*b - 858. What is the highest common divisor of b and 2?
1
Let v be (-1 - (-3 + -22))*255/34. Suppose 3*u + 20 = 4*u. Calculate the highest common divisor of u and v.
20
Let r(l) = 2*l**2 - l - 10. Let a be r(7). Let w be -2*5*a/(-18). Suppose -5*p + 6 = -84. What is the greatest common factor of p and w?
9
Suppose 4*v + 755*p - 422 = 752*p, 0 = -3*v - p + 319. Calculate the greatest common factor of 6848 and v.
107
Let u(v) = -v + 20. Let q be u(14). Suppose -q*t + 466 = 2*s - 5*t, -3*t - 1143 = -5*s. What is the greatest common factor of 33 and s?
33
Suppose 210*y - 185*y = 93 + 307. What is the greatest common factor of 5392 and y?
16
Let g = -227 + 346. Suppose 36 = b + 8*p - 4*p, -g = -3*b - p. Calculate the greatest common divisor of 110 and b.
10
Let x = 36 - 25. Let d be -4*(21/(-14))/(-3). Let n be ((-99)/15)/(d/10). Calculate the highest common factor of n and x.
11
Let v = -86 + 156. Suppose -33*f + 281*f = 3472. What is the greatest common factor of f and v?
14
Let q = -1163 + 1241. What is the highest common factor of q and 4212?
78
Let h be -4*(-6)/12 + 5. Let y be 17/4 - 9/36 - -17. What is the highest common divisor of y and h?
7
Suppose -100*j + 5 = -99*j. Let q(c) = c**3 - c + 8. Let s be q(j). Calculate the highest common divisor of s and 288.
32
Let a be (-2750)/9625 - (0 + (-9102)/7). Calculate the greatest common factor of 377 and a.
13
Let y = 276 + -262. Let c = 208 - 192. What is the greatest common divisor of y and c?
2
Suppose -2*f + 701 = -5*v, 5*f + 59*v - 1700 = 64*v. What is the highest common divisor of f and 1221?
111
Let l = 23 - -58. Let q be 1/(-2) - (-19)/((-76)/(-434)). What is the greatest common factor of q and l?
27
Let i(a) be the first derivative of a**3/3 + a**2/2 + 2*a + 2. Let y be i(0). Suppose -68*c + 146 - 10 = 0. Calculate the greatest common factor of y and c.
2
Let o(b) = 36 + 7 + 37 + 3*b - 15 + 6. Let q be o(-19). What is the highest common divisor of 133 and q?
7
Suppose -4*x - 72*t = -75*t - 567, -4*t = 4. What is the highest common divisor of x and 141?
141
Suppose 2*n + 2 = 4*s + 4*n, 0 = -s + 3*n - 17. Let p be (s/(-6))/((-5)/(-870)). Calculate the greatest common divisor of p and 29.
29
Let t be 20*(-357)/(-36) + (-2)/6. Suppose 0 = -n + 128 + 400. What is the highest common divisor of n and t?
66
Let k(v) = -v**3 + 41*v**2 + 45*v + 74. Let r be k(42). What is the highest common divisor of r and 225?
25
Let g = -20 + -303. Let v = g - -339. Calculate the highest common divisor of 1 and v.
1
Let x(a) = -a**2 + 23*a - 53. Let d be x(4). Suppose -b = -d*b + 572. What is the greatest common factor of b and 234?
26
Suppose 0*l - 3*l + 276 = 0. Suppose -5*u - 5*m = -15, -7*u = -4*u - 4*m - 2. Calculate the highest common divisor of l and u.
2
Let i = -25292 + 25972. What is the highest common divisor of 300 and i?
20
Let j(f) be the second derivative of -f**3/3 + 7*f**2/2 - 6*f. Let w be j(-12). Calculate the highest common factor of w and 341.
31
Let o = 60 - 60. Suppose -7*k + 11*k - 72 = o. Let h(v) = v**3 + 72. Let